e factors of 42282512?
2, 31, 85247
List the prime factors of 685772052.
2, 3, 7, 1069, 1091
What are the prime factors of 4944261169?
487, 10152487
List the prime factors of 101052317.
19, 23, 231241
What are the prime factors of 102015134?
2, 13, 41, 83, 1153
List the prime factors of 420886178.
2, 181, 1162669
List the prime factors of 164787217.
7, 47, 500873
What are the prime factors of 1100488159?
139, 7917181
List the prime factors of 242380880.
2, 5, 7, 47, 9209
List the prime factors of 199968675.
3, 5, 61, 109, 401
What are the prime factors of 2218776000?
2, 3, 5, 7, 47, 281
What are the prime factors of 12374493?
3, 53, 223, 349
What are the prime factors of 3083875656?
2, 3, 73, 1760203
List the prime factors of 11374137.
3, 1263793
List the prime factors of 100963234.
2, 73, 9473
List the prime factors of 47739568.
2, 29, 137, 751
List the prime factors of 127270301.
3847, 33083
What are the prime factors of 1132348475?
5, 79, 573341
What are the prime factors of 60432601?
60432601
What are the prime factors of 67357999?
59, 1141661
List the prime factors of 382128198.
2, 3, 53, 347, 3463
List the prime factors of 6861982350.
2, 3, 5, 45746549
What are the prime factors of 54955504?
2, 3434719
What are the prime factors of 27145885?
5, 13, 29, 14401
List the prime factors of 96009855.
3, 5, 6400657
What are the prime factors of 6941121639?
3, 383, 1093, 5527
List the prime factors of 541514235.
3, 5, 1601, 22549
List the prime factors of 124197603.
3, 53, 781117
What are the prime factors of 1584893178?
2, 3, 11, 8004511
List the prime factors of 108936649.
71, 163, 9413
List the prime factors of 112564396.
2, 7, 4020157
List the prime factors of 68703234.
2, 3, 11450539
What are the prime factors of 502852325?
5, 20114093
What are the prime factors of 581805087?
3, 8537, 22717
List the prime factors of 248680713.
3, 29, 47, 61, 997
List the prime factors of 123050023.
19, 23, 281579
What are the prime factors of 693077167?
2417, 286751
List the prime factors of 163245147.
3, 13, 29, 37, 47, 83
List the prime factors of 89900708.
2, 751, 29927
List the prime factors of 15926516.
2, 3981629
List the prime factors of 6749944063.
6749944063
List the prime factors of 367081784.
2, 2293, 20011
List the prime factors of 63751137.
3, 19, 1118441
What are the prime factors of 6216247?
101, 61547
What are the prime factors of 33334017?
3, 331, 33569
What are the prime factors of 35358935?
5, 23, 349, 881
List the prime factors of 91616591.
11, 41, 203141
What are the prime factors of 335029810?
2, 5, 127, 263803
What are the prime factors of 9571012?
2, 11, 37, 5879
List the prime factors of 42742968.
2, 3, 1780957
List the prime factors of 1304522837.
5749, 226913
What are the prime factors of 115670475?
3, 5, 67, 7673
What are the prime factors of 1349331406?
2, 197, 3424699
What are the prime factors of 623040343?
19, 32791597
List the prime factors of 3438200111.
31, 283, 391907
List the prime factors of 1029247030.
2, 5, 7, 569, 25841
List the prime factors of 1520166495.
3, 5, 101344433
What are the prime factors of 5491218357?
3, 610135373
What are the prime factors of 17004483?
3, 1889387
What are the prime factors of 1890623077?
7, 37, 7299703
What are the prime factors of 409185745?
5, 127, 197, 3271
List the prime factors of 7908876.
2, 3, 17, 12923
List the prime factors of 84959402.
2, 11, 197, 19603
What are the prime factors of 196626289?
196626289
What are the prime factors of 3620512587?
3, 1206837529
List the prime factors of 44699200.
2, 5, 7, 13, 307
List the prime factors of 71683157.
7, 13, 23, 29, 1181
List the prime factors of 116537067.
3, 23, 193, 2917
What are the prime factors of 67167841?
13, 47, 211, 521
List the prime factors of 489659239.
71, 2063, 3343
List the prime factors of 4765247956.
2, 7, 19, 31, 283, 1021
List the prime factors of 249840831.
3, 5927, 14051
What are the prime factors of 57363111?
3, 13, 490283
What are the prime factors of 1113276181?
4591, 242491
What are the prime factors of 1064450720?
2, 5, 31, 214607
List the prime factors of 1437645025.
5, 57505801
List the prime factors of 500427907.
7, 1229, 58169
List the prime factors of 11777714.
2, 13, 452989
List the prime factors of 636286.
2, 7, 47, 967
List the prime factors of 2170234807.
13, 17, 29, 19919
List the prime factors of 1106824421.
1106824421
List the prime factors of 18022924.
2, 17, 71, 3733
What are the prime factors of 1630212760?
2, 5, 11, 3705029
What are the prime factors of 249426226?
2, 7, 79, 109, 2069
What are the prime factors of 1259617958?
2, 17, 19, 29, 71, 947
What are the prime factors of 131540857?
7, 19, 989029
What are the prime factors of 10608687?
3, 1178743
List the prime factors of 383505037.
37, 2579, 4019
List the prime factors of 27746228.
2, 6936557
List the prime factors of 65804740.
2, 5, 3290237
List the prime factors of 62980390.
2, 5, 11, 572549
List the prime factors of 1585184203.
1585184203
List the prime factors of 91102155.
3, 5, 1531, 3967
List the prime factors of 52932382.
2, 26466191
What are the prime factors of 1015745687?
11, 347, 266111
What are the prime factors of 245744974?
2, 19, 107, 3181
What are the prime factors of 440629084?
2, 7, 43, 509, 719
What are the prime factors of 949872098?
2, 7, 241, 281527
What are the prime factors of 254719004?
2, 457, 139343
List the prime factors of 39391767.
3, 4376863
What are the prime factors of 2354113161?
3, 197, 1019, 1303
List the prime factors of 315151320.
2, 3, 5, 11, 271, 881
List the prime factors of 1199006728.
2, 61, 2456981
List the prime factors of 1078470248.
2, 19, 7095199
What are the prime factors of 1037759754?
2, 3, 172959959
What are the prime factors of 568269675?
3, 5, 280627
List the prime factors of 278780575.
5, 3061, 3643
What are the prime factors of 28029012?
2, 3, 11, 59, 61
What are the prime factors of 2392161555?
3, 5, 7, 37, 615743
List the prime factors of 205054291.
13, 1213339
List the prime factors of 1890434863.
251, 337, 22349
List the prime factors of 1695418564.
2, 7, 19, 3186877
List the prime factors of 539502648.
2, 3, 22479277
List the prime factors of 2461983290.
2, 5, 13, 139, 136247
List the prime factors of 278663795.
5, 55732759
List the prime factors of 4479066751.
4479066751
What are the prime factors of 3818542?
2, 7, 13, 20981
What are the prime factors of 45918479?
17, 499, 5413
List the prime factors of 2604069116.
2, 11, 59183389
List the prime factors of 420395740.
2, 5, 1783, 11789
List the prime factors of 1733744596.
2, 179, 379, 6389
What are the prime factors of 244708705?
5, 41, 1193701
What are the prime factors of 7559922613?
647, 11684579
What are the prime factors of 49199876?
2, 11, 71, 15749
List the prime factors of 7685715035.
5, 11587, 132661
List the prime factors of 1327024490.
2, 5, 11, 12063859
What are the prime factors of 2074461527?
23279, 89113
List the prime factors of 645235001.
449, 1437049
List the prime factors of 1762163480.
2, 5, 7, 11, 37, 47
What are the prime factors of 257287980?
2, 3, 5, 4288133
List the prime factors of 79865213.
79865213
List the prime factors of 1893179521.
1893179521
What are the prime factors of 5595450805?
5, 7, 17, 9404119
What are the prime factors of 158409953?
13, 937337
List the prime factors of 83786937.
3, 13, 2148383
What are the prime factors of 469559352?
2, 3, 23, 71, 11981
List the prime factors of 140882832.
2, 3, 269, 3637
What are the prime factors of 630228222?
2, 3, 13, 137, 6553
What are the prime factors of 1919738358?
2, 3, 106652131
List the prime factors of 13876756.
2, 1361, 2549
List the prime factors of 2107951962.
2, 3, 1559, 225353
What are the prime factors of 551944266?
2, 3, 91990711
List the prime factors of 93490283.
313, 298691
What are the prime factors of 362019612?
2, 3, 31, 461, 2111
List the prime factors of 4803042471.
3, 19, 47, 1792849
What are the prime factors of 1632111087?
3, 83, 6554663
What are the prime factors of 1247360745?
3, 5, 719, 115657
What are the prime factors of 9236776?
2, 89, 12973
List the prime factors of 811049886.
2, 3, 45058327
List the prime factors of 3774460680.
2, 3, 5, 388319
What are the prime factors of 3078627?
3, 19, 54011
What are the p